In base 7, what is 5152436336 - -2?
5152436341
In base 2, what is 110010111001101110 + -110?
110010111001101000
In base 16, what is -59af9c0 + -5?
-59af9c5
In base 12, what is -37029 + 104?
-36b25
In base 4, what is -231 - -10230000332?
10230000101
In base 11, what is 380 - 17a9?
-1429
In base 3, what is -122 - 102200212121100?
-102200212121222
In base 13, what is 4a6 - 9867?
-9391
In base 2, what is 111010111010110110101001111111 - 11?
111010111010110110101001111100
In base 6, what is 34 - -2314534?
2315012
In base 2, what is -11101111 - 11011001111111?
-11011101101110
In base 13, what is 27 + 417321?
417348
In base 14, what is 7d9 + 120d7?
128d2
In base 6, what is -125133 - -15531?
-105202
In base 13, what is 2 + -1c347c9?
-1c347c7
In base 15, what is -33a500a + 4?
-33a5006
In base 6, what is -334054351 - 4?
-334054355
In base 11, what is 4 + 9796655?
9796659
In base 6, what is 21224 - 131244?
-110020
In base 4, what is 302031 - 200333211?
-200031120
In base 3, what is -200002 - -101122020?
100222011
In base 2, what is 11100000110110000100 + 100011000111?
11100001011001001011
In base 15, what is 27b636 + d?
27b644
In base 4, what is 300203310121 - 1?
300203310120
In base 2, what is 1100011 - 100110101010111100?
-100110101001011001
In base 13, what is -4462396 + 4?
-4462392
In base 14, what is -1 - -467d9?
467d8
In base 7, what is 13 + 4564356?
4564402
In base 5, what is 1413242 - -221?
1414013
In base 7, what is 2256134106 + 6?
2256134115
In base 5, what is 1213040 - -42100?
1310140
In base 6, what is -35552054 - -25?
-35552025
In base 9, what is 1641603 - -255?
1641858
In base 6, what is -2553 + 10303132?
10300135
In base 3, what is 201200210 - -22012?
201222222
In base 13, what is 18 + -b89c66?
-b89c4b
In base 16, what is -169bfdc + -2?
-169bfde
In base 14, what is -258 + d6d4?
d47a
In base 16, what is 6 - 789aa3?
-789a9d
In base 2, what is -11001000000 + 1101111010111?
1010110010111
In base 4, what is 201233133 + 1100?
201300233
In base 12, what is 128a3 + 759?
13440
In base 4, what is -23003 + 10302000?
10212331
In base 7, what is 36603442 - 104?
36603335
In base 16, what is 9c8e0 - 42?
9c89e
In base 6, what is 1040 + -14445203?
-14444123
In base 9, what is 142 - -238442?
238584
In base 15, what is -1527 + 1d3?
-1344
In base 4, what is -12 - -2221232012?
2221232000
In base 2, what is 1101101 - 101011010001010?
-101011000011101
In base 10, what is 2 - -4778922?
4778924
In base 2, what is -100010000010001101111101011 + 100?
-100010000010001101111100111
In base 4, what is 3301333121201 + -10?
3301333121131
In base 3, what is -10120012220 - 11101?
-10120101021
In base 13, what is 3 + -50a2485?
-50a2482
In base 14, what is d02d8 - -75?
d036d
In base 9, what is 775 + 12180?
13065
In base 2, what is 110101001000001111 - 101100?
110101000111100011
In base 10, what is 25 + -11929?
-11904
In base 13, what is -5b653648 - 5?
-5b653650
In base 6, what is 412 + 1115311?
1120123
In base 12, what is -11367b - -125?
-113556
In base 14, what is -3d561d7 - -3?
-3d561d4
In base 8, what is -66140 + -20?
-66160
In base 13, what is 11a96c07 - 2?
11a96c05
In base 16, what is 141281 - -c?
14128d
In base 13, what is 34a1 + 16355?
19826
In base 3, what is -1001122022200220 - -22?
-1001122022200121
In base 16, what is 2 - 5045c3?
-5045c1
In base 8, what is -1 + 16641242?
16641241
In base 8, what is 30537053 + -340?
30536513
In base 7, what is 15 + 4525432?
4525450
In base 8, what is 661731435 + -2?
661731433
In base 13, what is -95 + 27b13?
27a4b
In base 11, what is 34223 - 216?
34008
In base 6, what is 1512 - -20132545?
20134501
In base 2, what is -1101111110100100111010 + -101?
-1101111110100100111111
In base 5, what is -2421 - -20312421?
20310000
In base 7, what is -310423 + 3004?
-304416
In base 7, what is 40141152365 - -5?
40141152403
In base 14, what is -c64 + -4a?
-cb0
In base 3, what is -21202000 - -2211200222?
2112221222
In base 10, what is -49710 - 101?
-49811
In base 11, what is -805a5 + 28a?
-80316
In base 10, what is -10515853 + 3?
-10515850
In base 13, what is -771 + 168a?
c19
In base 4, what is -22 - -1222032122?
1222032100
In base 9, what is -4 - 4468256?
-4468261
In base 16, what is -2b - b21ca0?
-b21ccb
In base 7, what is -4526332 - -53?
-4526246
In base 4, what is 3 + -2220322213130?
-2220322213121
In base 14, what is 6 - -277256b?
2772573
In base 7, what is -156 - -3311662?
3311503
In base 16, what is 25 - -135d5?
135fa
In base 11, what is 1 - 1708737?
-1708736
In base 9, what is 31876 - 332?
31544
In base 4, what is 10 - -301120233203?
301120233213
In base 5, what is 301243410 - 322?
301243033
In base 13, what is -787a4c + 1?
-787a4b
In base 16, what is 4f8c3 + -2?
4f8c1
In base 13, what is -b1ac83 + -7?
-b1ac8a
In base 6, what is 423244 - 2525?
420315
In base 2, what is 1001110111 + -11101100000111?
-11100010010000
In base 5, what is -3 + -2432134000?
-2432134003
In base 10, what is 2381 + 83583?
85964
In base 7, what is 5 + -4265223?
-4265215
In base 4, what is 3302232 - 1020110?
2222122
In base 14, what is -4 + 3510370?
351036a
In base 11, what is -24 + 67a510?
67a497
In base 8, what is 331 - -321363?
321714
In base 10, what is 11621125 - 4?
11621121
In base 14, what is -132c + 11c7?
-145
In base 16, what is 42ed + -2ca?
4023
In base 3, what is -201 + 101121111121221?
101121111121020
In base 16, what is -11d + 824c?
812f
In base 2, what is 1100011011000010010 - -10011?
1100011011000100101
In base 10, what is 7 + -16197066?
-16197059
In base 6, what is -215544 + -210?
-220154
In base 12, what is -22245 + 2689?
-1b778
In base 13, what is -974 + 76461?
757ba
In base 8, what is -1465 + 130413?
126726
In base 9, what is 17314 - 1242?
16062
In base 7, what is -5624411 - 16?
-5624430
In base 13, what is -35b6a4 + 76?
-35b62b
In base 4, what is 21303 - 3232?
12011
In base 14, what is -7 + 1774d9?
1774d2
In base 5, what is -1 + 21341414113?
21341414112
In base 16, what is -1fd9cbf + 2?
-1fd9cbd
In base 8, what is 537 + -1114135?
-1113376
In base 5, what is 4120221 + 230?
4121001
In base 13, what is -2477 - -3302?
b58
In base 11, what is 4 + -594769?
-594765
In base 16, what is -5 + -1c208?
-1c20d
In base 2, what is 1000100110 + -100010000111000001?
-100001111110011011
In base 8, what is -6466005 + -5?
-6466012
In base 11, what is 214 + 4489?
46a2
In base 15, what is -7e25 - e?
-7e34
In base 5, what is -202132003 + -10?
-202132013
In base 9, what is 5040 + 8312?
14352
In base 6, what is 3 - -144351313?
144351320
In base 13, what is -13802 - 1a?
-1381c
In base 16, what is -164 - 3426?
-358a
In base 6, what is 353004 + -53?
352511
In base 13, what is -7b + -76c2a?
-76ca8
In base 6, what is -43155 - -15215?
-23540
In base 4, what is -311021100132 + 302?
-311021033230
In base 13, what is 42 + -3a092?
-3a050
In base 4, what is -10230 + 210032103?
210021213
In base 15, what is -6e0 + -8d5e?
-954e
In base 9, what is -100 + -3750578?
-3750678
In base 8, what is -10 + 7566460?
7566450
In base 11, what is 7a1447 - 23?
7a1424
In base 11, what is -3622a2 + -76a?
-362a61
In base 14, what is -43c9bdb + 2?
-43c9bd9
In base 9, what is 6 - 163715601?
-163715584
In base 11, what is -6 - -5406708?
5406702
In base 2, what is -110 - -11100011001011010010?
11100011001011001100
In base 16, what is -76ec9 + 1d?
-76eac
In base 4, what is 21103100 - 210?
21102230
In base 11, what is -949 - 13918?
-14766
In base 2, what is 11 - 1011110010011001010110?
-1011110010011001010011
In base 5, what is -313 + 232030434?
232030121
In base 15, what is 984 - 782?
202
In base 2, what is 0 - 110100101010100100010001?
-110100101010100100010001
In base 14, what is 2 - -3579a3?
3579a5
In base 15, what is -3a1 + 8dc?
53b
In base 7, what is -103 + -3020024?
-3020130
In base 14, what is 2529073 + 5?
2529078
In base 7, what is -4 - -1120014106?
1120014102
In base 8, what is 53632 + 223?
54055
In base 5, what is -44441103 - -3301?
-44432302
In base 3, what is -220012002110112 + 211?
-220012002102201
In base 7, what is 15 + 2343650?
2343665
In base 13, what is -c + b65a08c?
b65a080
In base 7, what is -132 - 261262032?
-261262164
In base 5, what is 10222 + -230004?
-214232
In base 12, what is 43138 - -5026?
48162
In base 5, what is -124222444 + 21?
-124222423
In base 2, what is 101110011101110111